g. Calculate the greatest common factor of h and 48.
16
Suppose -7*s + 150 = 8*s. Suppose -93 = -s*m + 57. Let g be (-942)/(-9) + (-1)/(-3). Calculate the greatest common divisor of m and g.
15
Let s(x) = -x - 2*x - 5*x**2 - 2*x + x**3 + 0 - 6. Let g be s(6). Suppose -c + g*c + 208 = 0. Calculate the highest common factor of c and 26.
26
Suppose 0 = 5*y - 9*h + 4*h - 640, 2 = -h. What is the greatest common factor of 72 and y?
18
Let f = 22 - 22. Suppose -4*h + 5*j + 149 = 0, 2*j + 1 + 1 = f. Calculate the greatest common factor of 144 and h.
36
Suppose 55*z + 12 = 59*z. Let m(j) = -j**2 + j + 2. Let k be m(2). Suppose k = -z*i + 5*r + 66, 3*r = -r. Calculate the highest common factor of i and 11.
11
Let s(p) = -3*p**3 + 60*p**2 + 20. Let r be s(20). Calculate the highest common factor of r and 16.
4
Let z(d) = 7*d + 2. Let u be z(7). Let p = u + -49. Calculate the greatest common factor of 3 and p.
1
Let u be -7*(-3 - (2 + -4)). Suppose -5*o + 15 = 0, -o = -3*k + 3 + 15. Calculate the highest common divisor of u and k.
7
Let h(y) = 21*y - 222. Let t be h(14). What is the highest common divisor of 984 and t?
24
Suppose 2*v - 1 = 3*v. Let z be -1*(-3 - (-22 - v)). Let i = 38 + z. What is the highest common factor of i and 4?
4
Suppose -5*y - 10 = 2*o, 25 = -y - 4*o - o. Let d = 29 - 41. Let r = y - d. What is the highest common factor of 12 and r?
12
Let r = -989 + 1055. Calculate the greatest common divisor of 60 and r.
6
Let p be 702/130 - (4/(-5))/(-2). Suppose 388 = p*n + r, n - r = -2*n + 236. Calculate the greatest common divisor of n and 26.
26
Suppose -a = -0*a + 3. Let x be -2 - a - 0 - -3. Suppose -x*j + 3*o - 2*o = -27, -32 = -5*j + 3*o. What is the greatest common divisor of 35 and j?
7
Suppose -9*q + 420 = -1974. Calculate the highest common divisor of 70 and q.
14
Let v be 12/(-8) - (-54)/4. Suppose 0 = 5*d - 5*t - 35, -4*d - 2*t = -0*d - 4. Calculate the highest common divisor of v and d.
3
Suppose 28 + 5 = c. Let d = -32 + c. What is the greatest common factor of 5 and d?
1
Let x(i) = -i**2 + 16*i - 20. Let p be x(6). What is the greatest common divisor of p and 140?
20
Let u = 300 - 296. Calculate the highest common factor of 172 and u.
4
Let s = -1 - 8. Let y = -6 - s. Suppose -m + 105 + 102 = y*q, -627 = -3*m - 3*q. What is the greatest common factor of m and 30?
30
Let j(g) = 4*g**2 + 4 + g**3 + 12*g + 9*g - 19*g. Let w be j(-3). Let o = w + 7. What is the greatest common factor of o and 154?
14
Let j be (145/2 + (-54)/36)*14. What is the highest common divisor of 42 and j?
14
Let l = -7 + 12. Suppose l*t + 5*q = 45, -t + q = -0*t - 7. Suppose 2*c - t = c. Calculate the highest common factor of 40 and c.
8
Let n = 7 - 2. Suppose -2*i + 62 = 2*y, 0 = n*y - y + 5*i - 125. Calculate the greatest common divisor of 90 and y.
30
Suppose 4 - 8 = -4*b. Let s be -3 + 1 + b + 2. Let k = 4 - 0. What is the highest common factor of s and k?
1
Suppose 0*t = -28*t + 6916. Calculate the highest common factor of 19 and t.
19
Suppose -u - 3 = 2*o, 10 = -5*o - 9*u + 6*u. Let r(i) = 2*i + 5. Let d be r(o). What is the highest common divisor of 91 and d?
7
Let k(q) = -7*q - 18. Let t be k(-5). Let g = -11 + t. What is the highest common factor of g and 2?
2
Suppose -c + i = -3*i - 14, -3*c - i = -81. Suppose 32*m - 130 = 27*m. Calculate the greatest common divisor of c and m.
26
Let l(g) = -g**3 - g**2 + 12*g + 27. Let f be l(-4). Suppose -5*i + 114 + 206 = 0. Let x = i - f. Calculate the highest common divisor of x and 37.
37
Let v be 736/(-552) - 2138/(-6). Calculate the greatest common factor of v and 25.
5
Suppose 3*a = 4*i + 105, -4*i - 60 = -2*i - 4*a. Let m = i - -31. Calculate the highest common divisor of 7 and m.
7
Let l = 1063 - 931. Calculate the greatest common factor of 276 and l.
12
Suppose -5 = -3*z - 2*t - 1, -z = t. Suppose -149 = -z*h + 11. Calculate the highest common divisor of 8 and h.
8
Suppose -35 = 8*h - 3*h. Let s be (-1 - -5) + (h - -311)/8. Calculate the greatest common factor of 294 and s.
42
Suppose -r = 5, -6*r = -3*i - 2*r + 47. Let m = -1 + i. Let a be 48/2 + 6 + -10. Calculate the greatest common divisor of a and m.
4
Let w(z) = 77*z**2 - 6*z + 10 - 8*z - 61*z**2 - z**3. Let v be w(15). What is the highest common divisor of 100 and v?
25
Suppose -o + 2 = -3*z + 5, -2*o = -2*z - 2. Let v = z - -2. Suppose -3*h + v*l - 2*l = 0, -3*h - 5*l = -21. What is the highest common factor of 14 and h?
2
Suppose -95 + 415 = 4*j + 3*n, -5*n - 160 = -2*j. Suppose p - 8 + 13 = 0. Let x be (-490)/(-50) - 1/p. Calculate the greatest common divisor of x and j.
10
Let i = -760 - -780. What is the greatest common factor of 1 and i?
1
Suppose -15 = -d - 2*d. Suppose 18 = -5*z - 2*j, 0 = -z + d*z + 3*j + 13. Let k(i) = i**2 + 3*i. Let l be k(z). Calculate the highest common divisor of l and 4.
4
Let i = -69 - -138. Calculate the highest common divisor of i and 368.
23
Let d = 5 + -5. Suppose d = 3*k - 632 - 40. What is the greatest common factor of 32 and k?
32
Let p(h) = -19*h**2 - 119*h + 10. Let o be p(-6). What is the greatest common divisor of 232 and o?
8
Suppose 0 = -2*r - 2*u - 76, 4*u - 40 = 3*r + 67. Let d = 52 + r. Suppose -9*l + 124 = -11. Calculate the highest common divisor of d and l.
15
Let s = 3 - -23. Let l be 0*(0 + (-1)/2). Suppose 4*u - 3*y - 832 = l, 5*u - 1040 = -0*u + y. Calculate the highest common factor of u and s.
26
Let q(m) = -m**2 - 6*m - 2. Let v be q(-4). Let o be (-7)/(-14) + (-4)/(16/(-42)). Let t = o - v. What is the highest common factor of 5 and t?
5
Suppose -2*v - 100 = -3*a, -4*a - 2*v + 116 = -8. Calculate the highest common factor of a and 4.
4
Suppose 33*w + 210 = 2784. What is the greatest common divisor of 26 and w?
26
Let q(o) be the first derivative of o**4/4 + 5*o**3/3 - o**2 - o + 15. Let w = 8 - 13. Let t be q(w). Calculate the greatest common divisor of 81 and t.
9
Suppose -8*d = -143 + 7. What is the greatest common factor of 17 and d?
17
Suppose 3*z - 2 = 64. Suppose 26*p - 280 = z*p. Calculate the highest common factor of p and 14.
14
Let c = -214 - -256. What is the highest common divisor of 48 and c?
6
Let a(j) = -j**2 - 6*j - 1. Let b be a(-6). Let n(c) = -122*c + 2. Let l be n(b). Let r = l - 59. What is the greatest common divisor of 26 and r?
13
Let w = -1348 - -1888. What is the greatest common divisor of w and 24?
12
Suppose -10 = 5*a + 10. Let n(h) = -31*h - 6. Let k be n(a). Let r = 166 - k. What is the greatest common factor of r and 32?
16
Suppose 3*w = 12 + 51. Let k = w + -13. Calculate the greatest common divisor of 24 and k.
8
Let u(k) = 23*k**2 - 15*k - 10. Let m be u(3). Calculate the greatest common divisor of m and 56.
8
Let c = 66 + -38. Suppose 0 = 3*g - 26 - c. What is the highest common factor of 117 and g?
9
Suppose 72*h = 91*h - 4940. What is the greatest common factor of 65 and h?
65
Let z(b) = -243*b - 51. Let u be z(-1). What is the highest common divisor of u and 128?
64
Let r = -2 - -21. Suppose 49*p = 63*p - 2128. What is the greatest common factor of p and r?
19
Let c be (-417)/(-2) - (-16)/(-96)*-3. Calculate the greatest common divisor of 19 and c.
19
Let x be (4/3)/((-2)/(-66)). Suppose -9*c + 137 = 38. Calculate the highest common divisor of x and c.
11
Suppose 0 = 5*m - 552 + 152. Suppose 3*o = -4*o + 140. What is the greatest common factor of o and m?
20
Suppose -164 = 3*b + 118. Let m be (4 - b - -1)*3. Calculate the greatest common factor of m and 27.
27
Suppose 0 = -3*d - 4*s - 6, -s + 4 = -2*d - 5*s. Let v be (-589)/d - 18/36. What is the highest common factor of 42 and v?
42
Let x be (-14)/(-10) - 2/5. Let w(p) = 5*p**2 - p + 3. Suppose -10*d = -18*d. Let a be w(d). Calculate the greatest common divisor of x and a.
1
Let f = 129 - 60. Let w be (-420)/525 + 464/5. Calculate the greatest common factor of f and w.
23
Suppose 3*p = 4*z + p - 26, 2 = z - 5*p. Let m be 810/105 - (-2)/z. Calculate the highest common divisor of 12 and m.
4
Let g be 2 + 63/(-27) - (-758)/6. What is the greatest common divisor of 945 and g?
63
Let a = 80 - -50. Calculate the highest common divisor of 10 and a.
10
Let o(w) = -w**2 + 8*w - 2. Let h be o(7). Suppose 5 + 5 = -h*n. Let g be (6*n)/(8/(-24)). What is the greatest common divisor of g and 90?
18
Let b